(v) = -v**2 - 18*v + 46. Let g be n(-20). Calculate the remainder when 46 is divided by -4 + 26 + (-4 - (-1 - g)).
21
Let y = 12 + -6. Let i(q) = q**3 - 8*q**2 + 15*q - 10. Calculate the remainder when 29 is divided by i(y).
5
Suppose -11 + 0 = -p - m, 0 = -5*p - m + 55. What is the remainder when 152 is divided by p?
9
Let k be ((-4)/(-3))/(7/525). Let b = -82 + k. What is the remainder when 53 is divided by b?
17
Let u be 3*3/(12/(-4)). Calculate the remainder when (2 + (u - 2) - -44) + 1 is divided by 11.
9
Let y(k) be the second derivative of k**4/4 - k**2 + 6*k. What is the remainder when y(-2) is divided by 6?
4
Let n(p) = -p + 9. Let h be n(8). Let q(z) = 10*z**2 + z. Let c = 504 - 463. What is the remainder when c is divided by q(h)?
8
Let c = -238 + 260. Let z be 2*1 + (-4)/2. Suppose -l + z*l + 21 = -3*j, -3*j + 39 = 4*l. What is the remainder when c is divided by l?
10
Suppose n = 3*s - 504, -4*s + 5*n - 3*n = -674. What is the remainder when s is divided by 14?
13
Let j(r) = -r**3 + 9*r**2 + 19*r + 42. What is the remainder when 38 is divided by j(11)?
2
Let z = 1378 - 1166. What is the remainder when z is divided by 63?
23
Suppose 0 = -3*v + 9. Suppose 105 = 18*x + 17*x. What is the remainder when v is divided by x?
0
Let i = -576 - -653. Calculate the remainder when 92 is divided by i.
15
Suppose -5*y - 39 = -154. Suppose 28*v - 86 - 138 = 0. Calculate the remainder when y is divided by v.
7
Suppose 19*f - 44 = 165. Calculate the remainder when 31 is divided by f.
9
Let y = 25 - 17. Let t be y/(-1) - (-5 + 2). Let q = 14 + t. What is the remainder when 15 is divided by q?
6
Let k(d) = 44*d**3 - 3*d**2 - 2*d + 1. Let u be k(-1). Let w = -40 - u. What is the remainder when 18 is divided by w?
2
Suppose 794*g = 796*g - 42. Let b(c) be the second derivative of -41*c**5/10 + c**4/6 + c**3/6 - 2*c. Calculate the remainder when b(-1) is divided by g.
20
Let j(z) be the first derivative of -4*z**2 + z + 4. Suppose -10*w - 53 = -12*w + 5*v, 133 = 4*w - v. What is the remainder when w is divided by j(-1)?
7
What is the remainder when (-152)/(-266) - 7664/(-14) is divided by 37?
30
Suppose 5*i + 2*b - 35 = 0, 5*b = -0*b - 25. Suppose -2 - i = -u. Calculate the remainder when (-1 - -1)*-1 + 32 is divided by u.
10
Suppose 7*i - 9*i = 0. Suppose i = 23*v - 24*v + 27. Calculate the remainder when 80 is divided by v.
26
Let b(x) = x**2 + 2*x + 3. Let c = -401 - -414. Calculate the remainder when c is divided by b(-2).
1
Calculate the remainder when (-7429)/(-57) + (-2)/(-3) - -3 is divided by 45.
44
Suppose -4*p + 11 = -3*f, -3*p - p = 4*f - 4. Calculate the remainder when 53 is divided by (-21)/f*(-6)/(-9).
11
Let x(n) = 5*n - 75. Let d = -13 + 34. What is the remainder when x(23) is divided by d?
19
Suppose -3*u - 2 = -u. Let v(l) = 582*l**2 + 2*l + 1. Let c be v(u). What is the remainder when c/63 + 6/(-27) is divided by 3?
0
Let k = 6 - -3. Suppose -6*h + 3*h + 306 = 0. Calculate the remainder when (1/2)/(3/h) is divided by k.
8
Let i(f) = f**2 - 2*f - 2. Let j(b) = b**3 - 2*b**2 - b + 2. Let s be j(2). Suppose 8*c - 7*c - 4 = s. Calculate the remainder when i(5) is divided by c.
1
Suppose -3*x - 4*n = -75, -5*x + 141 - 39 = -n. Suppose -19*p + 18*p + x = 0. Calculate the remainder when 102 is divided by p.
18
Let y(t) = 4*t**3 - 8*t**2 + 11*t + 1. Let a(u) = -5*u**3 + 9*u**2 - 11*u - 2. Let o(k) = 3*a(k) + 4*y(k). Calculate the remainder when 25 is divided by o(3).
12
Let s(j) = 7 + 5*j + j**2 - 4 + 13. Calculate the remainder when 47 is divided by s(-4).
11
Let v(y) = -y**3 + 10*y**2 - 14*y + 13. Calculate the remainder when 492 is divided by v(8).
28
Let u = 1270 + -1086. Calculate the remainder when u is divided by 16.
8
Suppose -3*g + 70 + 110 = 0. Let o = g + 4. Suppose 0*d = -4*d + o. Calculate the remainder when 29 is divided by d.
13
Suppose 5*p = 9*p - 60. Calculate the remainder when ((-8)/(-16))/(2/228) is divided by p.
12
Suppose 5*u = 28 + 2. Let c = 7 - u. Let n(w) = 11*w**3. Calculate the remainder when n(c) is divided by 3.
2
Let a(p) = p - 8. Let y be a(13). Suppose y*j = 2*q - 97, 2*j - 3*j = -5*q + 185. What is the remainder when q is divided by 13?
10
Let i = 105 - 1. Calculate the remainder when i is divided by 15.
14
Suppose -2*a + 3*a = 2. Suppose -4*r + w = -20, 2*r = w + a + 10. Let u = 12 + -1. Calculate the remainder when u is divided by r.
3
Suppose 4*x + 34 = 5*x. Suppose -5*h = -2*q + 126, -4*q - 2 = -14. Let y = 37 + h. Calculate the remainder when x is divided by y.
8
Let y = 2785 + -1777. Suppose -p = 5*n - 88, -35*p + 39*p = n - 5. Calculate the remainder when y/20 + (-2)/5 is divided by n.
16
Let j be 0/(3 + -5 + 0). Suppose -3*p + 0*c + c + 90 = j, 2*c = 3*p - 90. What is the remainder when 58 is divided by p?
28
Let k(j) = 5*j - 21. Let p be k(9). What is the remainder when 63 is divided by p - (-2*5)/(-5)?
19
Let c be (-1 - 3)*((-84)/(-16) - 2). Let i = c + 53. Calculate the remainder when i is divided by 21.
19
Suppose 0 = 22*s - 30*s + 216. Calculate the remainder when 54 is divided by s.
0
Suppose u = -5*n - 9, 9 = 4*u + 4*n - 3. Suppose -2*o + u + 0 = 0. Suppose -t = o - 13. What is the remainder when 27 is divided by t?
7
Let s(z) = -z**3 - 6*z - 10*z**2 + z + 3*z**2 - 6 - 1. Let y be s(-5). Let o = -24 - y. What is the remainder when 23 is divided by o?
7
Let k = -157 - -308. What is the remainder when k is divided by 39?
34
Let d(y) = 8*y + 18. Let p(o) = 7*o + 19. Let b(x) = -4*d(x) + 5*p(x). Calculate the remainder when b(4) is divided by 18.
17
Suppose 10*a + 28 = 148. Let t = 9 + 11. Calculate the remainder when t is divided by a.
8
Calculate the remainder when 238/3*36/24 is divided by 41.
37
Let i(h) = h**3 + 17*h**2 - 19*h - 12. Let j be i(-18). Suppose -b = -13 - j. Calculate the remainder when b is divided by 10.
9
Suppose 13*q = 261 - 144. What is the remainder when 155 is divided by q?
2
Suppose 34 = -10*b + 12*b. Suppose 9*m = 208 + b. Calculate the remainder when 94 is divided by m.
19
Let f(r) = -r**2 + 8*r + 14. Let g be f(10). Let w(b) = -b**3 - 5*b**2 - 3*b + 1. Calculate the remainder when w(g) is divided by 7.
6
Let o = -254 - -374. What is the remainder when o is divided by 61?
59
Let v(a) = 47*a - 452. What is the remainder when 158 is divided by v(10)?
14
Let y = 145 + -112. Suppose 4 + 8 = o - 3*a, 60 = 5*o + 4*a. What is the remainder when y is divided by o?
9
Suppose 4*a + 2*i - 86 = 0, -48*a - 84 = -52*a - 4*i. Calculate the remainder when 65 is divided by a.
21
Calculate the remainder when (-18)/30 - 38311/(-35) is divided by 122.
118
Let v(i) be the second derivative of -i**3/3 - 6*i**2 - 20*i. What is the remainder when 95 is divided by v(-9)?
5
Let t be (0/(-24))/(-1 - 1). Suppose -c - 5*a + 27 = 0, -4*a + 4 + 8 = t. Calculate the remainder when c is divided by 7.
5
Let m be 9/(-6) + 29/2. Let f = m - 8. Suppose 3*d - 4*d = -3*c + f, -4*d - c + 45 = 0. Calculate the remainder when d is divided by 4.
2
Suppose -9*i = -802 - 305. Calculate the remainder when i is divided by 7.
4
Let v = -478 + 499. What is the remainder when 165 is divided by v?
18
Let p = -72 + 244. What is the remainder when p is divided by 87?
85
Suppose -3*t = 4*o - 145, -2*t - 3*t - 5 = 0. Calculate the remainder when 181 is divided by o.
33
Calculate the remainder when 541 is divided by (-8)/(-4)*(-3)/((-6)/34).
31
Let l(y) = y**3 + 5*y**2 - 2*y + 6. Let q = 9 + -15. Calculate the remainder when l(-5) is divided by (-2)/(-6) + (-52)/q.
7
Let n = -185 + 222. What is the remainder when 182 is divided by n?
34
Let n = 28 - 17. Calculate the remainder when 21/(-5*(-2)/20) is divided by n.
9
Let i = -55 - -60. Suppose -o = 7*j - 5*j - 44, -j - 231 = -i*o. What is the remainder when o is divided by 10?
6
Let w(c) = 3*c + 5. Let x(s) = 7*s + 11. Let z(u) = 9*w(u) - 4*x(u). Let m be z(5). Let t = 15 + m. What is the remainder when 31 is divided by t?
9
Let h = 2212 - 1855. What is the remainder when h is divided by 15?
12
Suppose 0 + 76 = 4*y. Let m = 273 - 391. Let a = m + 155. Calculate the remainder when a is divided by y.
18
Let m = 105 - 101. Calculate the remainder when 138 is divided by (-1)/(0 + m) + 378/8.
44
Let b be 2 - -1 - (-3)/(-1). Let z = 3 + b. Suppose v - 6 = -4*l + 11, z*l = 2*v +